 3. What is l(29)?
-113
Let s(i) = 19*i**2 - i - 16. What is s(7)?
908
Let k(f) = 2*f**3 - 14*f**2 + 45*f - 335. Calculate k(7).
-20
Let h(f) = -8507*f + 8529. What is h(1)?
22
Let n(r) = -r**2 + 6*r + 180. Determine n(17).
-7
Let t(z) = 42*z + 151. Calculate t(13).
697
Let o(n) = n**3 + 6*n**2 - 86*n + 24. What is o(-13)?
-41
Let n(a) = 4*a**2 - 207*a + 1437. Determine n(7).
184
Let r(c) = c**3 - 29*c**2 + 23*c - 2. Determine r(28).
-142
Let y(h) = h**3 - 54*h**2 - 7*h + 358. Give y(54).
-20
Let g(i) = i**3 + i**2 - 35*i - 82. Calculate g(-3).
5
Let h(r) = -3*r**3 - 72*r**2 + 75*r + 52. Give h(-25).
52
Let b(x) = -110*x - 174. Determine b(-2).
46
Let n(p) = p**3 - 10*p**2 + 37*p - 38. What is n(8)?
130
Let m(f) = f**3 - 30*f**2 + 45. Determine m(30).
45
Let k(w) = w**2 + w - 160. What is k(-13)?
-4
Let n(q) = -q**2 + 39*q - 200. Determine n(7).
24
Let l(n) = -8*n + 321. Calculate l(-17).
457
Let g(o) = 5*o**2 - 131*o + 47. Give g(26).
21
Let l(w) = -w**3 - 6*w**2 - 40*w - 139. Determine l(-4).
-11
Let w(n) = -324*n**3 + n**2 + 5*n + 3. Determine w(-1).
323
Let q(t) = -326*t - 29. Give q(1).
-355
Let r(t) = t**2 - 4*t - 59. Determine r(6).
-47
Let p(m) = 91*m - 9202. What is p(101)?
-11
Let h(v) = -4*v**2 + 107*v - 248. Determine h(3).
37
Let q(j) = j**3 - 14*j**2 + j + 141. Give q(13).
-15
Let n(f) = f**3 - 313*f**2 + 10454*f - 1105. Determine n(275).
-5
Let x(z) = -8*z**3 + 122*z**2 - 149*z + 132. Give x(14).
6
Let t(f) = -f**3 + 78*f**2 - 8*f + 644. Calculate t(78).
20
Let o(p) = p**2 - 45*p - 99. Give o(47).
-5
Let v(q) = 51*q - 46. Give v(4).
158
Let n(a) = a**3 + 12*a**2 - 638*a + 43. Calculate n(-32).
-21
Let w(h) = 2*h**2 - 38*h - 15. Calculate w(20).
25
Let l(w) = -3*w**2 - 131*w + 1. Determine l(-42).
211
Let x(r) = -6*r + 130. What is x(21)?
4
Let n(j) = j**3 + 20*j**2 + 20*j + 103. What is n(-19)?
84
Let s(u) = 5*u**2 - 18*u - 47. Calculate s(-3).
52
Let v(m) = m**2 + 53*m - 1097. What is v(-69)?
7
Let p(g) = 5*g**2 - g - 14. Give p(-2).
8
Let b(f) = -3*f - 82. Give b(8).
-106
Let k(p) = 6*p**2 + 453*p + 221. What is k(-75)?
-4
Let q(k) = -38*k + 206. What is q(13)?
-288
Let j(r) = -r**3 - r**2 + 4*r - 42. Calculate j(0).
-42
Let m(j) = -2*j**2 + 50*j + 40. Calculate m(24).
88
Let d(p) = -p**2 + 73*p + 228. What is d(72)?
300
Let o(w) = w**3 + 26*w**2 + 121*w + 25. Determine o(-6).
19
Let h(n) = -n**2 + 9*n + 205. Give h(23).
-117
Let y(u) = -30*u**2 - 397*u - 103. What is y(-13)?
-12
Let r(l) = l**2 + 4*l + 12. What is r(10)?
152
Let z(f) = f**3 + 57*f + 226. Calculate z(-4).
-66
Let r(g) = g**3 + 13*g**2 + 17*g - 29. Give r(-12).
-89
Let p(y) = -y**3 - 29*y**2 + 500*y + 21. Determine p(12).
117
Let d(k) = k**3 + 19*k**2 - 19*k - 827. Give d(-18).
-161
Let q(z) = 23*z**3 - 6*z**2 - 11*z - 5. Give q(-1).
-23
Let x(k) = -k**2 - 470*k - 41315. Calculate x(-117).
-14
Let h(a) = -14*a - 1051. Determine h(-76).
13
Let w(k) = 92*k + 62. Give w(0).
62
Let f(r) = -r**3 - 39*r**2 - 283*r + 65. Determine f(-10).
-5
Let z(s) = -s**2 - 314*s - 23498. Calculate z(-191).
-5
Let b(m) = -71*m + 137. Give b(9).
-502
Let c(k) = -k**3 - 30*k**2 - 10*k - 271. Give c(-30).
29
Let s(h) = 2*h**3 - 7*h**2 + 3*h - 21. Give s(3).
-21
Let b(d) = -d**3 + 18*d**2 - 35*d + 77. Calculate b(16).
29
Let h(x) = 66*x - 298. Calculate h(5).
32
Let b(i) = -i**3 + 18*i**2 - 11*i - 67. What is b(17)?
35
Let j(o) = 8*o**2 - 60*o + 21. Determine j(7).
-7
Let q(l) = l**3 - 5*l**2 - 40*l + 61. Determine q(9).
25
Let b(m) = -49*m**2 + 738*m - 35. Give b(15).
10
Let i(m) = -m**3 + 22*m**2 + 224*m - 4626. Calculate i(23).
-3
Let g(m) = 106*m**2 - 836*m - 16. What is g(8)?
80
Let k(q) = q**3 - 2*q**2 - 33*q - 22. Calculate k(-7).
-232
Let l(j) = -22*j + 243. What is l(11)?
1
Let u(w) = -5*w**2 - 105*w + 907. Give u(8).
-253
Let g(p) = -p**3 + 20*p**2 + 192*p - 69. Determine g(27).
12
Let a(m) = m**2 + 21*m - 504. Calculate a(14).
-14
Let s(w) = -584*w - 4083. Calculate s(-7).
5
Let c(u) = u**3 + 25*u**2 + 89*u + 991. Determine c(-23).
2
Let x(w) = -2392*w + 11997. Determine x(5).
37
Let j(y) = 60*y**2 + 481*y + 3. Calculate j(-8).
-5
Let y(h) = 6079*h - 18238. Determine y(3).
-1
Let i(u) = 4*u**2 - 200*u - 637. What is i(53)?
-1
Let c(k) = -k**2 - 7*k + 1933. Give c(-48).
-35
Let r(a) = 3*a**2 + 49*a + 46. Give r(-1).
0
Let d(c) = -2*c**3 - 314*c**2 + 332*c + 2526. Give d(-158).
-2
Let i(p) = 16*p**2 + 642*p + 78. Calculate i(-40).
-2
Let r(y) = 2*y**3 + 40*y**2 + 53*y + 262. Give r(-19).
-23
Let y(i) = 26*i**3 + 6*i**2 + 4*i - 1. What is y(-1)?
-25
Let c(h) = 26827*h + 268265. What is c(-10)?
-5
Let d(o) = -o - 31. Calculate d(12).
-43
Let p(i) = 3*i**3 - 17*i**2 - 4*i - 2. What is p(4)?
-98
Let d(l) = -57*l - 14299. What is d(-251)?
8
Let m(u) = 33198*u + 1. Give m(0).
1
Let b(i) = -3*i**3 - 4*i**2 + 7*i - 5. Determine b(3).
-101
Let r(h) = -h**3 - 65*h**2 - 64*h + 5. Calculate r(-64).
5
Let t(q) = 7*q**2 - 50*q + 17. What is t(9)?
134
Let o(d) = 18*d**2 - 172*d - 79. Give o(10).
1
Let x(i) = -54*i**2 - 101*i - 1. What is x(-1)?
46
Let t(z) = -z**3 - 13*z**2 - 4*z + 2. What is t(-12)?
-94
Let x(v) = v**3 - 9*v**2 + v + 97. Determine x(8).
41
Let s(q) = -18*q**2 + 541*q + 48. What is s(30)?
78
Let q(p) = p**2 + 17*p + 73. Determine q(-6).
7
Let f(v) = -28*v**2 + 283*v - 27. What is f(10)?
3
Let j(c) = 49*c - 2023. Determine j(41).
-14
Let m(o) = -2*o**2 - 103*o - 201. What is m(-50)?
-51
Let y(u) = 3*u**3 + 7*u**2 + 15*u + 166. Calculate y(-7).
-625
Let b(z) = -z**2 + 38*z - 347. Give b(21).
10
Let m(t) = -3*t**3 + 26*t**2 + 3*t + 2. Determine m(9).
-52
Let p(q) = -1320*q + 11874. Calculate p(9).
-6
Let y(o) = o**3 + 46*o**2 - 56*o - 415. Determine y(-47).
8
Let d(l) = 3*l**2 - 148*l - 260. Determine d(51).
-5
Let d(u) = -u**3 - 2*u**2 - 133*u - 393. What is d(-3)?
15
Let a(y) = -156*y + 2064. Calculate a(13).
36
Let p(q) = 26*q - 583. What is p(23)?
15
Let a(i) = i**3 - 6*i**2 - 16*i + 61. Give a(4).
-35
Let y(q) = -6*q - 132. Calculate y(-26).
24
Let b(x) = -40*x + 4174. Give b(103).
54
Let v(a) = -3*a**2 + 52*a - 194. Determine v(10).
26
Let z(l) = l**3 + 39*l**2 - 84*l - 83. Calculate z(-41).
-1
Let i(b) = b**3 - 23*b**2 - 79*b - 4. Determine i(26).
-30
Let b(x) = -11*x**2 + 51*x + 156. Give b(-3).
-96
Let v(n) = 518*n**2 - 1554*n - 2. What is v(3)?
-2
Let r(x) = -48*x - 1054. Determine r(-21).
-46
Let w(y) = -6*y**3 - 29*y**2 - 28*y - 20. Determine w(-5).
145
Let m(p) = 2852*p + 37006. Calculate m(-13).
-70
Let w(s) = 3*s**3 - s**2 + 6*s + 367. Calculate w(0).
367
Let d(n) = -n**2 - 49*n - 72. Calculate d(-48).
-24
Let v(s) = 343*s + 5601. What is v(-17)?
-230
Let x(s) = 5*s**3 - 85*s**2 + 2*s - 28. What is x(17)?
6
Let o(z) = z**2 - 2098*z + 14638. Determine o(7).
1
Let d(n) = -191*n - 1065. Determine d(-5).
-110
Let r(w) = 34*w - 847. Determine r(25).
3
Let k(q) = -212*q + 310. Determine k(1).
98
Let b(i) = -4*i**3 + 6*i**2 + 8*i + 2. Determine b(5).
-308
Let g(h) = h**3 + 5*h**2 - 6*h + 7. Calculate g(2).
23
Let n(w) = -46*w**2 - 6430*w + 1395. What is n(-140)?
-5
Let y(x) = x - 88. Calculate y(-3).
-91
Let s(v) = -27*v + 301. Give s(9).
58
Let c(q) = -379*q - 42452. Give c(-112).
-4
Let o(z) = 13*z**2 + z + 325. Calculate o(0).
325
Let t(k) = -15*k + 1999. Determine t(134).
-11
Let x(f) = 45*f**2 - 53*f + 12. What is x(4)?
520
Let r(s) = -178*s**2 - 538*s - 13. Give r(-3).
-1
Let z(g) = -g**2 - 8*g - 28. What is z(-12)?
-76
Let g(t) = -38*t**2 + 8*t + 69. Give g(4).
-507
Let q(t) = 1658*t - 6718. Determine q(4).
-86
Let b(a) = -a**3 + 14*a**2 + 13*a + 21. Determine b(15).
-9
Let q(s) = -2*s**3 + 39*s**2 + 52*s + 31. Calculate q(21).
-200
Let o(b) = b**3 - 10*b**2 + 9*b - 9. What is o(9)?
-9
Let h(u) = u**3 - 72*u**2 + 94*u - 6787. What is h(72)?
-19
Let t(j) = -3*j**2 + 25*j + 50. Determine t(-2).
-12
Let i(w) = 1044*w**2 - 7309*w - 11. Calculate i(7).
-18
Let w(j) = -233*j + 1403. Determine w(6).
5
Let g(s) = s**2 + 78*s + 1430. What is g(-56)?
198
Let u(x) = 96*x + 693. Calculate u(-7).
21
Let c(s) = -2*s**3 - 16*s**2 - 7*s - 82. What is c(-9)?
143
Let d(t) = 47*t**2 - 2671*t - 435. Determine d(57).
21
Let k(v) = -23*v - 433. Calculate k(-22).
73
Let t(x) = 134*x + 2059. What is t(-15)?
49
Let l(d) = -d**2 + 24*d + 701. Determine l(-17).
4
Let q(i) = i**3 + 45*